2613
Calculate the greatest common divisor of 764910 and 12.
6
What is the highest common factor of 61792466 and 71296?
1114
Calculate the greatest common divisor of 2730 and 113315475.
1365
What is the greatest common divisor of 247411699 and 353?
353
Calculate the greatest common divisor of 16942786 and 1439.
1439
Calculate the greatest common divisor of 470040 and 5640.
120
Calculate the highest common divisor of 6968946 and 527.
17
Calculate the highest common factor of 10 and 27549415.
5
Calculate the greatest common divisor of 376 and 15372713.
47
What is the greatest common divisor of 5782 and 3507786?
118
What is the greatest common factor of 74540543 and 658?
329
What is the highest common divisor of 6142716 and 252?
36
Calculate the greatest common factor of 6767207 and 51.
17
What is the greatest common divisor of 28740369 and 266?
133
Calculate the highest common divisor of 42126 and 13006938.
714
Calculate the greatest common factor of 1756 and 105004.
4
Calculate the highest common factor of 121226193 and 110.
11
What is the highest common divisor of 667020 and 540?
60
What is the highest common divisor of 7424 and 4994032?
464
What is the greatest common divisor of 1923247889 and 48747?
16249
Calculate the highest common divisor of 48 and 2105468.
4
What is the highest common factor of 1593 and 29396979?
27
What is the greatest common factor of 187251096 and 828?
276
What is the greatest common divisor of 1528904 and 32776?
1928
Calculate the highest common divisor of 176075830 and 140.
70
Calculate the greatest common factor of 15514282 and 70.
14
Calculate the highest common factor of 74 and 436420217.
37
What is the highest common factor of 6970652 and 1352?
52
Calculate the greatest common divisor of 3568 and 50536.
8
What is the greatest common divisor of 3248888 and 368?
184
What is the highest common factor of 142656 and 5241?
3
Calculate the highest common factor of 5475 and 78942200.
1825
What is the highest common factor of 33264 and 470484?
252
Calculate the highest common divisor of 73494002 and 5433.
1811
Calculate the greatest common divisor of 3776 and 41349914.
118
What is the highest common factor of 455160 and 170?
10
Calculate the highest common divisor of 42902 and 17701591.
1129
Calculate the greatest common divisor of 19920906 and 99.
9
What is the highest common factor of 101 and 710704781?
101
What is the greatest common factor of 180532 and 109868?
484
Calculate the highest common factor of 6674 and 41280664.
94
What is the greatest common divisor of 1138860 and 32724?
324
Calculate the greatest common factor of 10574772 and 26520.
156
Calculate the greatest common factor of 55251 and 500031.
63
Calculate the highest common divisor of 8899632 and 42183.
981
Calculate the highest common factor of 4102 and 1056968493.
2051
What is the highest common factor of 48 and 57712240?
16
What is the highest common divisor of 65084049 and 251?
251
Calculate the highest common divisor of 1142900 and 269500.
1100
Calculate the greatest common factor of 18176550 and 271950.
7350
Calculate the greatest common divisor of 1339797 and 233501.
2267
Calculate the greatest common factor of 1025 and 13295603.
41
Calculate the greatest common factor of 1010944 and 3590.
718
Calculate the highest common factor of 40527670 and 10.
10
What is the greatest common factor of 190337 and 28980?
7
Calculate the highest common divisor of 48141 and 972.
27
What is the highest common divisor of 369885 and 120?
15
Calculate the highest common factor of 270013557 and 5588.
1397
Calculate the highest common divisor of 15802820 and 33.
11
Calculate the greatest common divisor of 123368 and 122797423.
15421
What is the greatest common factor of 1451562 and 11984?
1498
Calculate the greatest common divisor of 33725685 and 12173.
259
Calculate the highest common factor of 1069374 and 1998.
222
Calculate the greatest common divisor of 1035 and 656144805.
345
What is the greatest common factor of 103005 and 202815?
45
Calculate the greatest common factor of 8531 and 89528.
19
What is the highest common divisor of 30 and 145759740?
30
What is the highest common factor of 91582455 and 15?
15
Calculate the highest common factor of 7868 and 442578934.
3934
What is the greatest common factor of 970054 and 32147?
17
What is the greatest common divisor of 752 and 587001424?
752
Calculate the highest common divisor of 25105735 and 116.
29
Calculate the greatest common divisor of 59 and 6960761.
59
Calculate the greatest common divisor of 3840 and 12374720.
320
Calculate the highest common factor of 154 and 21667982.
14
What is the greatest common divisor of 2 and 9222238?
2
What is the greatest common divisor of 12128663 and 4478?
2239
What is the highest common factor of 10795 and 16405?
85
What is the greatest common divisor of 2 and 132546396?
2
What is the greatest common factor of 229225 and 290175?
1325
What is the highest common divisor of 1188 and 173689956?
396
Calculate the highest common divisor of 309679474 and 104.
26
Calculate the highest common divisor of 671208 and 1524.
12
What is the highest common factor of 114 and 17439777?
57
What is the highest common factor of 90 and 274823040?
30
Calculate the highest common factor of 36356 and 1071012.
596
Calculate the highest common factor of 13485805 and 1630.
815
Calculate the highest common divisor of 120 and 303832695.
15
Calculate the highest common divisor of 11279050 and 50.
50
Calculate the highest common divisor of 601513 and 17582.
149
Calculate the greatest common divisor of 27587 and 1317983.
563
What is the highest common factor of 15169 and 7403858?
77
What is the greatest common divisor of 3824031 and 1746?
291
Calculate the greatest common factor of 1144 and 78314392.
104
Calculate the highest common divisor of 10217668 and 3724.
76
What is the greatest common factor of 445321290 and 13617?
4539
Calculate the highest common divisor of 102816 and 15976464.
5712
What is the greatest common factor of 22528696 and 24?
8
What is the highest common factor of 372811 and 667?
1
Calculate the greatest common divisor of 11025 and 2534175.
1575
What is the greatest common divisor of 260480 and 12416?
128
What is the highest common divisor of 528952 and 3034?
74
What is the greatest common factor of 27628512 and 16?
16
What is the highest common factor of 540 and 17107470?
270
What is the greatest common factor of 1997595 and 270?
135
What is the greatest common divisor of 27909 and 16045017?
1329
What is the greatest common divisor of 3160 and 113262616?
632
What is the highest common divisor of 28795 and 6669365?
2215
What is the greatest common divisor of 5280 and 3449760?
480
Calculate the greatest common factor of 1708 and 583099.
61
Calculate the greatest common factor of 297008163 and 1422.
711
Calculate the highest common divisor of 22337203 and 917.
917
Calculate the greatest common factor of 1620 and 38712.
12
What is the greatest common factor of 62335 and 88177310?
8905
What is the highest common divisor of 21 and 504843801?
21
Calculate the greatest common divisor of 4300 and 37969.
43
Calculate the highest common factor of 239 and 24710449.
239
Calculate the greatest common factor of 7348 and 70336893.
1837
Calculate the highest common factor of 88153 and 16809.
13
Calculate the greatest common factor of 2937 and 46149882.
267
Calculate the greatest common divisor of 682708 and 42842.
1382
What is the greatest common divisor of 11392 and 257566?
178
Calculate the highest common factor of 169666 and 10.
2
What is the greatest common factor of 39602035 and 770?
55
Calculate the highest common factor of 243 and 49268.
1
Calculate the greatest common factor of 1215 and 1083825.
45
What is the greatest common divisor of 648 and 765824328?
216
Calculate the greatest common divisor of 1332674998 and 2642.
2642
Calculate the highest common factor of 42 and 7608192.
6
What is the greatest common divisor of 39136412 and 28?
28
Calculate the greatest common divisor of 3067854 and 31008.
1938
Calculate the greatest common factor of 1282806 and 177.
3
What is the greatest common factor of 73411964 and 844?
844
What is the highest common divisor of 53754203 and 83?
83
Calculate the great